 o(a) = 2*a**3 + 88*a**2 + 593*a - 22. Calculate o(-35).
1273
Let u(p) = -p**3 - 1549*p**2 - 184467*p + 381. Give u(-130).
-9
Let w(u) = -451058*u - 2706361. Determine w(-6).
-13
Let w(t) = -t**3 - 38*t**2 - 361*t - 6461. Give w(-33).
7
Let b(g) = -195*g - 38626. Determine b(-198).
-16
Let i(w) = -78*w**2 + 1366*w - 5965. Give i(9).
11
Let n(i) = -i**3 + 165*i**2 + 17343*i - 2265. Determine n(-73).
-2
Let k(a) = -2317*a**2 + 4*a + 2. Give k(1).
-2311
Let c(w) = -3*w**3 + 202*w**2 - 57*w - 655. Determine c(67).
15
Let y(w) = 59945*w - 3237022. Calculate y(54).
8
Let y(h) = 9*h**3 - 660*h**2 - 445*h + 61. Give y(74).
-13
Let y(v) = 10391*v + 186531. Give y(-18).
-507
Let r(h) = -30920*h + 31027. What is r(1)?
107
Let s(x) = x**3 + 292*x**2 + 11903*x - 979. Give s(-243).
-7
Let u(v) = v**3 - 50*v**2 + 476*v - 84. Calculate u(37).
-269
Let j(o) = 2*o**3 + 551*o**2 + 3870*o + 2. Determine j(-7).
-775
Let f(x) = 3257*x - 394111. Calculate f(121).
-14
Let d(n) = -n**2 + 4532*n - 130. Give d(0).
-130
Let v(i) = 48*i**3 + 1011*i**2 + 103*i + 773. Give v(-21).
-67
Let b(z) = -1378*z - 59273. Give b(-43).
-19
Let n(z) = 33697*z + 775038. Determine n(-23).
7
Let v(q) = -2*q**2 - 16*q + 125. Calculate v(-10).
85
Let o(n) = n**3 - 3837*n**2 + 19125*n + 196. Calculate o(5).
21
Let n(u) = -2*u**2 + 387*u - 18789. Calculate n(101).
-104
Let f(t) = 8888*t - 89306. Calculate f(10).
-426
Let h(s) = -51*s**2 - 529*s + 337. What is h(-11)?
-15
Let x(o) = -o**3 + 9*o**2 + 28*o - 38. What is x(-3)?
-14
Let v(g) = -g**2 - 2848*g - 202636. Determine v(-73).
-61
Let j(c) = -60*c + 8548. What is j(138)?
268
Let i(p) = 2*p**3 - 84*p**2 - 1001*p - 2022. What is i(52)?
6
Let m(g) = 10*g**2 + 409*g - 6425. Determine m(-53).
-12
Let f(k) = k**3 + 12*k**2 + 1604*k + 45403. What is f(-24)?
-5
Let a(l) = -1027*l + 287010. Give a(279).
477
Let b(r) = -3*r**2 - 415*r - 6971. What is b(-120)?
-371
Let n(a) = 3*a**2 + 1476*a - 3001141. Determine n(-1276).
11
Let p(u) = 498*u**2 - 13943*u - 31. Give p(28).
-3
Let s(o) = o**3 + 463*o**2 + 8766*o - 41641. Give s(-443).
1
Let p(c) = c**3 + 32*c**2 - 257*c + 426. Give p(-39).
-198
Let q(t) = -2*t**3 - 1152*t**2 - 8050*t - 47790. What is q(-569)?
6
Let s(b) = 9*b**2 - 3*b - 1186. What is s(-14)?
620
Let w(j) = -4*j**3 - 91*j**2 - 40*j + 566. Give w(-22).
-6
Let i(m) = 4654*m - 144226. Determine i(31).
48
Let b(x) = 580*x + 169895. Calculate b(-293).
-45
Let w(o) = -173*o - 2994. Give w(-13).
-745
Let m(s) = 57*s**3 + s**2 - 107*s + 216. Calculate m(2).
462
Let a(f) = -f**3 - 13201*f**2 - 52791*f - 8. Determine a(-4).
4
Let o(y) = -573*y**2 - 2905*y - 200. Determine o(-5).
0
Let z(v) = v**2 - 518031*v + 2590147. What is z(5)?
17
Let i(k) = -17541*k - 330. What is i(0)?
-330
Let k(h) = -10394*h - 5747892. Give k(-553).
-10
Let v(b) = 46589*b + 559078. Give v(-12).
10
Let c(p) = -p**3 + 123*p**2 - 65*p - 6925. Give c(122).
29
Let o(b) = 3410*b**2 - 3*b + 17. Calculate o(0).
17
Let y(r) = r**3 - 91*r**2 + 1838*r - 130. Give y(61).
358
Let s(v) = 7*v**2 - 375*v + 1178. What is s(50)?
-72
Let w(t) = 336*t - 60486. Give w(180).
-6
Let x(k) = k**3 + 13*k**2 + 2550*k + 33141. What is x(-13)?
-9
Let s(g) = 2*g**3 + 2050*g**2 + 119405*g - 439. Calculate s(-62).
-5
Let y(z) = -545*z + 14129. Calculate y(26).
-41
Let p(t) = -5537*t - 5537. Give p(-1).
0
Let g(w) = 59229*w - 3139113. Give g(53).
24
Let a(m) = -m**3 + 3*m**2 + 230*m + 438. Give a(0).
438
Let h(g) = 1025*g**2 + 45085*g + 81. Determine h(-44).
741
Let z(x) = -24*x**2 - 2563*x + 11222. Determine z(-111).
11
Let m(o) = -15096*o + 25829251. Determine m(1711).
-5
Let a(h) = 23621*h - 1629833. Calculate a(69).
16
Let i(s) = 1251*s - 27320. Give i(22).
202
Let r(o) = -3*o**3 + 12*o**2 + 47*o + 822. Determine r(9).
30
Let f(j) = j**3 - j**2 + 68*j + 193. What is f(-3)?
-47
Let m(q) = -286*q - 8706. Give m(-31).
160
Let t(k) = -k**3 - 4*k**2 - 368*k - 3337. Determine t(-9).
380
Let p(x) = 998*x + 70187. Determine p(-72).
-1669
Let x(c) = -1325*c - 3436. Determine x(-3).
539
Let h(s) = 585*s + 119371. What is h(-204)?
31
Let k(f) = 3*f**2 + 2*f - 72. What is k(-7)?
61
Let s(h) = -h**2 + 204*h + 4398. What is s(-20)?
-82
Let a(d) = 10136*d + 983209. What is a(-97)?
17
Let i(l) = 5769*l - 265381. Give i(46).
-7
Let v(q) = -3*q**3 + 283*q**2 + 1193*q - 95275. Determine v(95).
10
Let l(g) = g**3 + 1842*g**2 - 165779*g - 2498. What is l(86)?
-4
Let o(v) = -v**2 + 209*v - 10224. Give o(131).
-6
Let r(p) = -2*p**3 - 213*p**2 - 2178*p + 218. Determine r(-95).
-447
Let q(l) = -34*l**3 + 3*l**2 - 8*l + 10. What is q(3)?
-905
Let r(v) = -195*v + 3575. Give r(18).
65
Let r(g) = g**2 - 577*g + 72344. Give r(393).
32
Let w(o) = -o**2 + 2098*o - 868994. Calculate w(568).
46
Let w(o) = 2933*o - 41333. Calculate w(14).
-271
Let k(q) = -116*q**2 - 4511*q - 3911. Determine k(-38).
3
Let o(a) = -a**2 - 625*a + 1894677. Calculate o(1099).
1
Let i(s) = -s**3 - 34*s**2 + 571*s + 19511. What is i(-34)?
97
Let r(f) = -2*f**3 + 305*f**2 - 10967*f + 191. What is r(58)?
-99
Let r(b) = -21*b**2 + 301*b - 510. Give r(2).
8
Let x(f) = -28234*f**2 - 677617*f - 38. Determine x(-24).
-14
Let r(n) = n**2 - 58*n - 5053. Give r(82).
-3085
Let l(y) = y**3 - 33*y**2 + 88*y + 22. Give l(30).
-38
Let x(q) = -4*q**2 + 621*q + 57268. What is x(-65)?
3
Let f(x) = 3*x**3 + 17*x**2 - 92*x + 78. Give f(2).
-14
Let o(i) = 77*i**2 - 2530*i + 117. Calculate o(32).
-1995
Let y(f) = -f**3 + 177*f**2 + 8527*f - 1531707. Give y(176).
21
Let x(f) = -5*f**2 + 59*f - 35. Give x(17).
-477
Let z(g) = 3*g**3 + 26*g**2 - 648*g - 5806. Calculate z(-9).
-55
Let a(l) = l**3 - 17*l**2 - 695*l + 48. What is a(36)?
-348
Let z(u) = -1500*u - 4707. Calculate z(-2).
-1707
Let y(j) = j**2 + 22996*j + 21112414. Calculate y(-958).
10
Let x(z) = -z**3 + 53*z**2 + 80*z - 176. What is x(55)?
-1826
Let o(q) = -q**2 - 73608*q + 662557. What is o(9)?
4
Let s(b) = -42*b**2 - 2409*b + 1564. Determine s(-58).
-2
Let c(b) = -37*b**3 + 320*b**2 - 950*b - 16. Give c(3).
-985
Let k(a) = 7*a**2 - 85*a + 342. Calculate k(5).
92
Let g(n) = -13*n**3 - 1647*n**2 + 511*n + 463. Calculate g(-127).
82
Let z(r) = 5102*r - 698974. Calculate z(137).
0
Let v(q) = q**2 + 128*q - 12343. Give v(64).
-55
Let g(o) = o**3 - 272*o**2 - 12096*o - 10323. Determine g(311).
-60
Let u(w) = 19*w**2 - 269*w - 8119. What is u(29)?
59
Let n(w) = 7764*w + 116449. Determine n(-15).
-11
Let x(t) = -5*t**2 + 2090*t - 14446. Give x(411).
-61
Let p(i) = -5*i**3 + 71*i**2 - 256*i + 25. Determine p(8).
-39
Let r(o) = -10*o**3 - 10259*o**2 + 11304*o + 7253. Calculate r(-1027).
64
Let p(m) = 291327*m + 582793. Calculate p(-2).
139
Let v(q) = q**3 - 181*q**2 + 5818*q - 10929. Calculate v(140).
-9
Let u(i) = -38*i**3 + 761*i**2 - 30*i + 290. Give u(20).
90
Let b(v) = 479*v**2 - 1385*v + 1386. Calculate b(1).
480
Let i(q) = 174563*q - 4014946. What is i(23)?
3
Let h(k) = 20*k**2 - 627*k - 1850. Determine h(34).
-48
Let t(k) = k**2 - 213*k + 1043. Determine t(208).
3
Let p(q) = 4*q**3 + 7*q**2 - 9*q - 48. Calculate p(-6).
-606
Let x(r) = r**3 + 350*r**2 + 565*r - 45590. What is x(-348)?
-2
Let q(f) = -2*f**3 - 63*f**2 - 399*f - 5659. What is q(-28)?
25
Let c(t) = 366*t - 19882. What is c(54)?
-118
Let m(a) = -5*a**2 + 2982*a - 238161. What is m(95)?
4
Let a(j) = -2276*j - 66296. Calculate a(-29).
-292
Let k(q) = -3*q**3 + 201*q**2 - 187*q + 12658. Give k(67).
129
Let d(n) = -n**3 - 16*n**2 + 251*n + 3938. Calculate d(-14).
32
Let f(d) = -9*d**2 + 899*d - 1764. What is f(93)?
4002
Let h(m) = -569*m - 29326. Give h(-52).
262
Let u(i) = -i**3 + 17*i**2 - 8156*i + 155782. Give u(19).
96
Let u(q) = -q**3 - 14*q**2 + 394*q - 2577. Give u(-30).
3
Let q(n) = -2465*n - 426465. Calculate q(-173).
-20
Let q(l) = 2*l**2 + 62109*l + 310497. Determine q(-5).
2
Let k(w) = -w**2 - 3413*w - 91431. Calculate k(-27).
-9
Let g(z) = 2*z**2 + 68*z + 453. Give g(-48).
1797
Let a(c) = -c**3 - 1325*c**2 - 130323*c + 331. What is a(-107)?
10
Let m(c) = c**3 + 20*c**2 + 41*c - 18. Give m(-8).
422
Let l(d) = d**2 + 3120*d + 31326. Determine l(-10).
226
Let x(v) = 8*v**3 + 7103*v**2 - 890*v - 1779. Calculate x(-888).
-3
Let r(v) = 3*v**3 + 5*v**2 - 250*v + 454. Calculate r(11).
2302
Let t(s) = -s**2 + 2783*s + 11104. Calculate t(-4).
-44
Let w(x)